{"id":14,"date":"2024-02-22T02:19:07","date_gmt":"2024-02-22T02:19:07","guid":{"rendered":"https:\/\/authorwebservices-vip.net\/Palibrio\/856285\/?page_id=14"},"modified":"2024-02-22T02:54:27","modified_gmt":"2024-02-22T02:54:27","slug":"comprar-el-libro","status":"publish","type":"page","link":"https:\/\/authorwebservices-vip.net\/Palibrio\/856285\/comprar-el-libro\/","title":{"rendered":"COMPRAR EL LIBRO"},"content":{"rendered":"\n<h1 class=\"wp-block-heading\" style=\"font-size:40px\"><strong><strong><strong><strong><strong><strong><strong><strong><strong><strong><strong><strong><strong><strong>Brisas al atardecer<\/strong><\/strong><\/strong><\/strong><\/strong><\/strong><\/strong><\/strong><\/strong><\/strong><\/strong><\/strong><\/strong><\/strong><\/h1>\n\n\n\n<h2 class=\"wp-block-heading\" style=\"font-size:30px\"><strong>A pesar de nosotros<\/strong><\/h2>\n\n\n<div class=\"wp-block-image\">\n<figure data-wp-context=\"{&quot;imageId&quot;:&quot;69e9ff08a191c&quot;}\" data-wp-interactive=\"core\/image\" data-wp-key=\"69e9ff08a191c\" class=\"alignright size-full is-resized wp-lightbox-container\"><img decoding=\"async\" data-wp-class--hide=\"state.isContentHidden\" data-wp-class--show=\"state.isContentVisible\" data-wp-init=\"callbacks.setButtonStyles\" data-wp-on--click=\"actions.showLightbox\" data-wp-on--load=\"callbacks.setButtonStyles\" data-wp-on-window--resize=\"callbacks.setButtonStyles\" src=\"https:\/\/authorwebservices-vip.net\/Palibrio\/856285\/wp-content\/uploads\/2024\/02\/3d-book.png\" alt=\"\" class=\"wp-image-1209\" style=\"width:504px;height:auto\"\/><button\n\t\t\tclass=\"lightbox-trigger\"\n\t\t\ttype=\"button\"\n\t\t\taria-haspopup=\"dialog\"\n\t\t\taria-label=\"Enlarge\"\n\t\t\tdata-wp-init=\"callbacks.initTriggerButton\"\n\t\t\tdata-wp-on--click=\"actions.showLightbox\"\n\t\t\tdata-wp-style--right=\"state.imageButtonRight\"\n\t\t\tdata-wp-style--top=\"state.imageButtonTop\"\n\t\t>\n\t\t\t<svg xmlns=\"http:\/\/www.w3.org\/2000\/svg\" width=\"12\" height=\"12\" fill=\"none\" viewBox=\"0 0 12 12\">\n\t\t\t\t<path fill=\"#fff\" d=\"M2 0a2 2 0 0 0-2 2v2h1.5V2a.5.5 0 0 1 .5-.5h2V0H2Zm2 10.5H2a.5.5 0 0 1-.5-.5V8H0v2a2 2 0 0 0 2 2h2v-1.5ZM8 12v-1.5h2a.5.5 0 0 0 .5-.5V8H12v2a2 2 0 0 1-2 2H8Zm2-12a2 2 0 0 1 2 2v2h-1.5V2a.5.5 0 0 0-.5-.5H8V0h2Z\" \/>\n\t\t\t<\/svg>\n\t\t<\/button><\/figure>\n<\/div>\n\n\n<p>Estos relatos son el manifiesto de la cotidianidad de parejas en problemas, el lado oscuro de la personalidad de \u00e9l y ella. La mujer, en su laberinto emocional, es la constante de su d\u00eda a d\u00eda entre las que ocultan su realidad y las que van libres por la vida.<\/p>\n\n\n\n<div class=\"wp-block-buttons is-layout-flex wp-block-buttons-is-layout-flex\">\n<div class=\"wp-block-button has-custom-font-size is-style-outline is-style-outline--1\" style=\"font-size:15px\"><a class=\"wp-block-button__link has-white-color has-luminous-vivid-orange-background-color has-text-color has-background wp-element-button\" href=\"https:\/\/www.xlibris.com\/en\/bookstore\/bookdetails\/856285-brisas-al-atardecer\" style=\"border-radius:0px\" target=\"_blank\" rel=\"noreferrer noopener\">\u00a1COMPRA EL LIBRO AHORA!<\/a><\/div>\n<\/div>\n\n\n\n<p><strong><u>Brisas al atardecer * de Nicole Le\u00f3nides Ferran<\/u><\/strong><\/p>\n\n\n\n<p><em>A pesar de nosotros<\/em><em><\/em><\/p>\n\n\n\n<p>Tapa dura: ISBN 9781506551906<\/p>\n\n\n\n<p>Tapa blanda: ISBN 9781506551920<\/p>\n\n\n\n<p>Libro electr\u00f3nico\/Ebook: ISBN 9781506551913<\/p>\n","protected":false},"excerpt":{"rendered":"<p>Brisas al atardecer A pesar de nosotros Estos relatos son el manifiesto de la cotidianidad de parejas en problemas, el lado oscuro de la personalidad de \u00e9l y ella. La mujer, en su laberinto emocional, es la constante de su d\u00eda a d\u00eda entre las que ocultan su realidad y las que van libres por &hellip; <\/p>\n<div class=\"more-link-wrapper\"><a href=\"https:\/\/authorwebservices-vip.net\/Palibrio\/856285\/comprar-el-libro\/\" class=\"more-link\">Continue reading<span class=\"screen-reader-text\"> &#8220;COMPRAR EL LIBRO&#8221;<\/span><\/a><\/div>\n","protected":false},"author":1,"featured_media":0,"parent":0,"menu_order":0,"comment_status":"closed","ping_status":"closed","template":"template-full.php","meta":{"footnotes":""},"class_list":["post-14","page","type-page","status-publish","no-comments"],"aioseo_notices":[],"_links":{"self":[{"href":"https:\/\/authorwebservices-vip.net\/Palibrio\/856285\/wp-json\/wp\/v2\/pages\/14","targetHints":{"allow":["GET"]}}],"collection":[{"href":"https:\/\/authorwebservices-vip.net\/Palibrio\/856285\/wp-json\/wp\/v2\/pages"}],"about":[{"href":"https:\/\/authorwebservices-vip.net\/Palibrio\/856285\/wp-json\/wp\/v2\/types\/page"}],"author":[{"embeddable":true,"href":"https:\/\/authorwebservices-vip.net\/Palibrio\/856285\/wp-json\/wp\/v2\/users\/1"}],"replies":[{"embeddable":true,"href":"https:\/\/authorwebservices-vip.net\/Palibrio\/856285\/wp-json\/wp\/v2\/comments?post=14"}],"version-history":[{"count":0,"href":"https:\/\/authorwebservices-vip.net\/Palibrio\/856285\/wp-json\/wp\/v2\/pages\/14\/revisions"}],"wp:attachment":[{"href":"https:\/\/authorwebservices-vip.net\/Palibrio\/856285\/wp-json\/wp\/v2\/media?parent=14"}],"curies":[{"name":"wp","href":"https:\/\/api.w.org\/{rel}","templated":true}]}}