{"id":15,"date":"2021-03-30T09:18:08","date_gmt":"2021-03-30T09:18:08","guid":{"rendered":"https:\/\/authorwebservices-vip.net\/Palibrio\/856093\/?page_id=15"},"modified":"2024-01-25T03:49:06","modified_gmt":"2024-01-25T03:49:06","slug":"sobre-el-autor","status":"publish","type":"page","link":"https:\/\/authorwebservices-vip.net\/Palibrio\/856093\/sobre-el-autor\/","title":{"rendered":"SOBRE EL AUTOR"},"content":{"rendered":"\n<p><span style=\"font-size: 18pt;\"><strong><img loading=\"lazy\" decoding=\"async\" class=\"size-medium wp-image-1142 alignleft\" src=\"https:\/\/authorwebservices-vip.net\/Palibrio\/856093\/wp-content\/uploads\/2024\/01\/au-242x300.png\" alt=\"\" width=\"242\" height=\"300\" srcset=\"https:\/\/authorwebservices-vip.net\/Palibrio\/856093\/wp-content\/uploads\/2024\/01\/au-242x300.png 242w, https:\/\/authorwebservices-vip.net\/Palibrio\/856093\/wp-content\/uploads\/2024\/01\/au.png 474w\" sizes=\"auto, (max-width: 242px) 100vw, 242px\" \/>Carlos Alonzo Carrillo<\/strong><\/span><\/p>\n<p><em>Carlos Alonzo Carrillo<\/em> es especialista en cirug\u00eda general y trasplante renal; autor de otros libros como <em>Fantas\u00eda y realidad<\/em> y <em>La rebeli\u00f3n de los dioses<\/em>. Es un escritor contundente en sus an\u00e1lisis. De su pluma sale este libro, para satisfacer la curiosidad de sus lectores.<\/p>\n","protected":false},"excerpt":{"rendered":"<p>Carlos Alonzo Carrillo Carlos Alonzo Carrillo es especialista en cirug\u00eda general y trasplante renal; autor de otros libros como Fantas\u00eda y realidad y La rebeli\u00f3n de los dioses. Es un escritor contundente en sus an\u00e1lisis. De su pluma sale este libro, para satisfacer la curiosidad de sus lectores.<\/p>\n","protected":false},"author":1,"featured_media":0,"parent":0,"menu_order":0,"comment_status":"closed","ping_status":"closed","template":"template-full.php","meta":{"footnotes":""},"class_list":["post-15","page","type-page","status-publish","hentry"],"aioseo_notices":[],"_links":{"self":[{"href":"https:\/\/authorwebservices-vip.net\/Palibrio\/856093\/wp-json\/wp\/v2\/pages\/15","targetHints":{"allow":["GET"]}}],"collection":[{"href":"https:\/\/authorwebservices-vip.net\/Palibrio\/856093\/wp-json\/wp\/v2\/pages"}],"about":[{"href":"https:\/\/authorwebservices-vip.net\/Palibrio\/856093\/wp-json\/wp\/v2\/types\/page"}],"author":[{"embeddable":true,"href":"https:\/\/authorwebservices-vip.net\/Palibrio\/856093\/wp-json\/wp\/v2\/users\/1"}],"replies":[{"embeddable":true,"href":"https:\/\/authorwebservices-vip.net\/Palibrio\/856093\/wp-json\/wp\/v2\/comments?post=15"}],"version-history":[{"count":124,"href":"https:\/\/authorwebservices-vip.net\/Palibrio\/856093\/wp-json\/wp\/v2\/pages\/15\/revisions"}],"predecessor-version":[{"id":1150,"href":"https:\/\/authorwebservices-vip.net\/Palibrio\/856093\/wp-json\/wp\/v2\/pages\/15\/revisions\/1150"}],"wp:attachment":[{"href":"https:\/\/authorwebservices-vip.net\/Palibrio\/856093\/wp-json\/wp\/v2\/media?parent=15"}],"curies":[{"name":"wp","href":"https:\/\/api.w.org\/{rel}","templated":true}]}}