{"id":21,"date":"2024-02-14T21:20:48","date_gmt":"2024-02-14T21:20:48","guid":{"rendered":"https:\/\/authorwebservices-vip.net\/Palibrio\/855969\/?page_id=21"},"modified":"2024-02-14T21:27:15","modified_gmt":"2024-02-14T21:27:15","slug":"buy-the-book","status":"publish","type":"page","link":"https:\/\/authorwebservices-vip.net\/Palibrio\/855969\/buy-the-book\/","title":{"rendered":"BUY THE BOOK"},"content":{"rendered":"<p><a href=\"https:\/\/authorwebservices-vip.net\/Palibrio\/855969\/wp-content\/uploads\/2024\/02\/book.png\"><img loading=\"lazy\" decoding=\"async\" class=\"alignleft wp-image-18 \" src=\"https:\/\/authorwebservices-vip.net\/Palibrio\/855969\/wp-content\/uploads\/2024\/02\/book.png\" alt=\"\" width=\"630\" height=\"578\" srcset=\"https:\/\/authorwebservices-vip.net\/Palibrio\/855969\/wp-content\/uploads\/2024\/02\/book.png 901w, https:\/\/authorwebservices-vip.net\/Palibrio\/855969\/wp-content\/uploads\/2024\/02\/book-300x275.png 300w, https:\/\/authorwebservices-vip.net\/Palibrio\/855969\/wp-content\/uploads\/2024\/02\/book-768x704.png 768w\" sizes=\"auto, (max-width: 630px) 100vw, 630px\" \/><\/a>Si este libro lleg\u00f3 a tus manos, fue porque es la herramienta que te faltaba para manifestar tu Poder. Apl\u00edcala y disfruta de la felicidad de vibrar en las frecuencias m\u00e1s altas.<\/p>\n<p><em>If this book has come into your hands, it is because it is the tool you were missing to manifest your Power. Apply it and revel in the happiness of vibrating at higher frequencies.<\/em><\/p>\n<p><a href=\"https:\/\/www.xlibris.com\/en\/bookstore\/bookdetails\/855969-el-milagro-de-sentir \" target=\"_blank\" class=\"button\" rel=\"noopener\">Order a copy now<\/a>\t\t\t\t\t\t\t\t\t<\/p>\n<p>\u00a1COMPRA EL LIBRO AHORA!<\/p>\n<p>EL MILAGRO DE SENTIR * de Carmen Funcia y Marielle Velten<br \/>\nEL ENORME PODER DEL SER HUMANO A TRAV\u00c9S DE SUS EMOCIONES<\/p>\n<p>Tapa dura: ISBN 9781506551654<br \/>\nTapa blanda: ISBN 9781506551678<br \/>\nLibro electr\u00f3nico\/Ebook: ISBN 9781506551661<\/p>\n","protected":false},"excerpt":{"rendered":"<p>Si este libro lleg\u00f3 a tus manos, fue porque es la herramienta que te faltaba para manifestar tu Poder. Apl\u00edcala y disfruta de la felicidad de vibrar en las frecuencias m\u00e1s altas. If this book has come into&#8230; <a class=\"read-more\" href=\"https:\/\/authorwebservices-vip.net\/Palibrio\/855969\/buy-the-book\/\">Read More<\/a><\/p>\n","protected":false},"author":1,"featured_media":0,"parent":0,"menu_order":0,"comment_status":"closed","ping_status":"closed","template":"template-full.php","meta":{"footnotes":""},"class_list":["post-21","page","type-page","status-publish","hentry"],"aioseo_notices":[],"_links":{"self":[{"href":"https:\/\/authorwebservices-vip.net\/Palibrio\/855969\/wp-json\/wp\/v2\/pages\/21","targetHints":{"allow":["GET"]}}],"collection":[{"href":"https:\/\/authorwebservices-vip.net\/Palibrio\/855969\/wp-json\/wp\/v2\/pages"}],"about":[{"href":"https:\/\/authorwebservices-vip.net\/Palibrio\/855969\/wp-json\/wp\/v2\/types\/page"}],"author":[{"embeddable":true,"href":"https:\/\/authorwebservices-vip.net\/Palibrio\/855969\/wp-json\/wp\/v2\/users\/1"}],"replies":[{"embeddable":true,"href":"https:\/\/authorwebservices-vip.net\/Palibrio\/855969\/wp-json\/wp\/v2\/comments?post=21"}],"version-history":[{"count":3,"href":"https:\/\/authorwebservices-vip.net\/Palibrio\/855969\/wp-json\/wp\/v2\/pages\/21\/revisions"}],"predecessor-version":[{"id":43,"href":"https:\/\/authorwebservices-vip.net\/Palibrio\/855969\/wp-json\/wp\/v2\/pages\/21\/revisions\/43"}],"wp:attachment":[{"href":"https:\/\/authorwebservices-vip.net\/Palibrio\/855969\/wp-json\/wp\/v2\/media?parent=21"}],"curies":[{"name":"wp","href":"https:\/\/api.w.org\/{rel}","templated":true}]}}