{"id":15,"date":"2021-03-30T09:18:08","date_gmt":"2021-03-30T09:18:08","guid":{"rendered":"https:\/\/authorwebservices-vip.net\/AuthorHouse\/857661\/?page_id=15"},"modified":"2024-03-19T06:34:39","modified_gmt":"2024-03-19T06:34:39","slug":"about-the-author","status":"publish","type":"page","link":"https:\/\/authorwebservices-vip.net\/AuthorHouse\/857661\/about-the-author\/","title":{"rendered":"ABOUT THE AUTHOR"},"content":{"rendered":"\n<p><strong><img loading=\"lazy\" decoding=\"async\" class=\"alignleft wp-image-1222\" src=\"https:\/\/authorwebservices-vip.net\/AuthorHouse\/857661\/wp-content\/uploads\/2024\/03\/au-67x300.jpg\" alt=\"\" width=\"200\" height=\"898\" srcset=\"https:\/\/authorwebservices-vip.net\/AuthorHouse\/857661\/wp-content\/uploads\/2024\/03\/au-67x300.jpg 67w, https:\/\/authorwebservices-vip.net\/AuthorHouse\/857661\/wp-content\/uploads\/2024\/03\/au-228x1024.jpg 228w, https:\/\/authorwebservices-vip.net\/AuthorHouse\/857661\/wp-content\/uploads\/2024\/03\/au-342x1536.jpg 342w, https:\/\/authorwebservices-vip.net\/AuthorHouse\/857661\/wp-content\/uploads\/2024\/03\/au.jpg 417w\" sizes=\"auto, (max-width: 200px) 100vw, 200px\" \/>Mariano Bernardez<\/strong> es un consultor internacional con m\u00e1s de 35 a\u00f1os de experiencia en mejora de la performance social y transformaci\u00f3n de comunidades.<\/p>\n<p>Es director ejecutivo del Kaufman Center, del Performance Improvement Institute (PII &#8211; Instituto para la Mejora del Desempe\u00f1o , www,piionline.or-), y del Performance Improvement Social Lab (Laboratorio para la Mejora del Desempe\u00f1o Social -www.piisocialab.org)<\/p>\n<p>Mariano ha actuado como consultor para la transformaci\u00f3n del Barrio 31, a trav\u00e9s del Programa \u201cManagers of Social Innovation\u201d (MSI \u2013 L\u00edderes de Innovaci\u00f3n Social), que culmin\u00f3 en la elaboraci\u00f3n del presente libro elaborado en conjunto con Diego Fern\u00e1ndez y en programas similares de transformaci\u00f3n social en Malabo, Guinea Ecuatorial, Sonora, M\u00e9xico, Col\u00f3n, Panam\u00e1 , Salta, Argentina, Columbus Ohio y Chicago, Estados Unidos.<\/p>\n<p><strong>Diego Fern\u00e1ndez<\/strong> tuvo a su cargo la gesti\u00f3n integral de la transformaci\u00f3n de la Villa 31 en el Barrio Mugica (ex Barrio 31) como secretario de Integraci\u00f3n Social y Urbana de la Ciudad de Buenos Aires entre 2014 y 2020,<\/p>\n<p>Diego cre\u00f3 y dise\u00f1\u00f3 la organizaci\u00f3n y el proceso de transformaci\u00f3n del Barrio coordinando tanto las obras de infraestructura como las de transformaci\u00f3n social.<\/p>\n<p>Su gesti\u00f3n se caracteriz\u00f3 por un modelo de gerenciamiento territorial, en continuo contacto con los vecinos y todas los sectores sociales, institucionales y pol\u00edticos involucrados.<\/p>\n<p><strong>Mariano Bernardez<\/strong> is an international consultant with more than 35 years of experience in improving social performance and transforming communities.<\/p>\n<p>He is executive director of the Kaufman Center, the Performance Improvement Institute (PII, www.piionline.org), and the Performance Improvement Social Lab (www.piisocialab.org)<\/p>\n<p>Mariano has acted as a consultant for the transformation of Barrio 31, through the \u201cManagers of Social Innovation\u201d Program (MSI \u2013 L\u00edderes de Innovaci\u00f3n Social), which culminated in the preparation of this book prepared in conjunction with Diego Fern\u00e1ndez and in similar programs of social transformation in Malabo, Equatorial Guinea, Sonora, Mexico, Col\u00f3n, Panama, Salta, Argentina, Columbus Ohio and Chicago, United States.<\/p>\n<p><strong>Diego Fern\u00e1ndez<\/strong> was in charge of the comprehensive management of the transformation of Villa 31 in the Mugica neighborhood (former Barrio 31) as secretary of Social and Urban Integration of the City of Buenos Aires between 2014 and 2020.<\/p>\n<p>Diego created and designed the organization and transformation process of the Neighborhood, coordinating both infrastructure works and social transformation works.<\/p>\n<p>Its management was characterized by a territorial management model, in continuous contact with neighbors and all social, institutional and political sectors involved.<\/p>\n<p><em>\u00a0<\/em><\/p>\n","protected":false},"excerpt":{"rendered":"<p>Mariano Bernardez es un consultor internacional con m\u00e1s de 35 a\u00f1os de experiencia en mejora de la performance social y transformaci\u00f3n de comunidades. Es director ejecutivo del Kaufman Center, del Performance Improvement Institute (PII &#8211; Instituto para la Mejora del Desempe\u00f1o , www,piionline.or-), y del Performance Improvement Social Lab (Laboratorio para la Mejora del Desempe\u00f1o<\/p>\n<p class=\"more-link-wrapper\"><a href=\"https:\/\/authorwebservices-vip.net\/AuthorHouse\/857661\/about-the-author\/\" class=\"more-link\">Continue Reading<span class=\"screen-reader-text\"> &#8220;ABOUT THE AUTHOR&#8221;<\/span><\/a><\/p>\n","protected":false},"author":1,"featured_media":0,"parent":0,"menu_order":0,"comment_status":"closed","ping_status":"closed","template":"template-full.php","meta":{"footnotes":""},"class_list":["post-15","page","type-page","status-publish","hentry"],"aioseo_notices":[],"_links":{"self":[{"href":"https:\/\/authorwebservices-vip.net\/AuthorHouse\/857661\/wp-json\/wp\/v2\/pages\/15","targetHints":{"allow":["GET"]}}],"collection":[{"href":"https:\/\/authorwebservices-vip.net\/AuthorHouse\/857661\/wp-json\/wp\/v2\/pages"}],"about":[{"href":"https:\/\/authorwebservices-vip.net\/AuthorHouse\/857661\/wp-json\/wp\/v2\/types\/page"}],"author":[{"embeddable":true,"href":"https:\/\/authorwebservices-vip.net\/AuthorHouse\/857661\/wp-json\/wp\/v2\/users\/1"}],"replies":[{"embeddable":true,"href":"https:\/\/authorwebservices-vip.net\/AuthorHouse\/857661\/wp-json\/wp\/v2\/comments?post=15"}],"version-history":[{"count":143,"href":"https:\/\/authorwebservices-vip.net\/AuthorHouse\/857661\/wp-json\/wp\/v2\/pages\/15\/revisions"}],"predecessor-version":[{"id":1226,"href":"https:\/\/authorwebservices-vip.net\/AuthorHouse\/857661\/wp-json\/wp\/v2\/pages\/15\/revisions\/1226"}],"wp:attachment":[{"href":"https:\/\/authorwebservices-vip.net\/AuthorHouse\/857661\/wp-json\/wp\/v2\/media?parent=15"}],"curies":[{"name":"wp","href":"https:\/\/api.w.org\/{rel}","templated":true}]}}